et w(t) = -11*t + 42. Give w(0).
42
Let b(c) = c**3 - 11*c**2 - 9*c - 12. Determine b(12).
24
Let x(p) = -2*p**2 + 40*p + 6. Determine x(20).
6
Let o(b) = b**3 + 10*b**2 - 8*b. Give o(-11).
-33
Let r(p) = 6*p**2 - 11*p. Determine r(2).
2
Let r(w) = w**2 + 11*w + 3. Give r(-6).
-27
Let q(m) = -m**3 - 3*m**2 + 3*m + 3. Determine q(-4).
7
Let s(o) = -3*o - 8. Calculate s(-2).
-2
Let d(f) = -2*f**2 - 10*f + 5. Determine d(0).
5
Let a(k) = k - 17. Determine a(0).
-17
Let f(l) = -3*l**2 - 37*l + 23. Give f(-13).
-3
Let y(s) = 6*s + 5. What is y(-6)?
-31
Let p(w) = 4*w + 73. Determine p(-20).
-7
Let n(b) = 23*b - 7. Calculate n(1).
16
Let x(k) = -k + 7. Give x(9).
-2
Let d(w) = -32*w - 10. Give d(5).
-170
Let a(s) = -4*s**2 - s + 5. What is a(3)?
-34
Let g(x) = -x**2 + x - 2. Determine g(4).
-14
Let w(j) = -8*j - 167. Calculate w(-20).
-7
Let q(l) = -3*l**2. Calculate q(1).
-3
Let p(v) = -11*v + 949. What is p(87)?
-8
Let b(w) = -2*w**2 - 41*w - 7. What is b(-20)?
13
Let u(g) = -g**2 - 7*g + 2. What is u(-5)?
12
Let u(x) = 2*x**3 - 2*x**2 - 3*x + 1. Give u(3).
28
Let r(p) = -p**2 - 4*p + 9. Give r(-6).
-3
Let c(w) = -6*w + 11. Give c(9).
-43
Let o(v) = 31*v + 9. Calculate o(2).
71
Let c(a) = 4*a**2 - 256*a - 7. Give c(64).
-7
Let m(y) = -15*y - 71. What is m(-5)?
4
Let d(q) = 2*q**2 + 17*q + 52. Calculate d(-5).
17
Let l(i) = -i**3 + 3*i - 10. What is l(-5)?
100
Let o(s) = -11*s**2 - 7*s + 1. Calculate o(-3).
-77
Let l(i) = i**2 + 13*i - 226. Give l(10).
4
Let i(k) = -k**2 + 21*k - 66. What is i(16)?
14
Let p(z) = -z**2 - 2*z - 61. What is p(0)?
-61
Let j(z) = z + 6. Calculate j(-13).
-7
Let d(q) = q + 12. Determine d(0).
12
Let q(n) = -n**3 + 6*n**2 - 3*n - 17. What is q(5)?
-7
Let k(a) = -a**2 + 18*a + 40. Give k(17).
57
Let q(t) = 5*t + 27. Calculate q(-6).
-3
Let y(d) = d**2 + 7*d + 2. What is y(-6)?
-4
Let p(a) = 2*a. Calculate p(9).
18
Let j(p) = -3*p + 5. What is j(7)?
-16
Let f(j) = -5*j**3 + 2*j**2 - 2*j. Determine f(2).
-36
Let s(x) = -x**3 + 5*x**2 - 2*x + 6. What is s(6)?
-42
Let w(d) = -d**2 - 6*d + 9. Give w(6).
-63
Let l(o) = -o**3 - 3*o - 32. Determine l(0).
-32
Let y(o) = 2*o**2 + 11*o - 19. What is y(-9)?
44
Let l(k) = -k**3 - 7*k**2 - 8*k - 9. Calculate l(-7).
47
Let l(m) = -m**2 + 9*m - 22. Determine l(11).
-44
Let o(x) = 11*x - 13. Give o(2).
9
Let f(t) = -2*t + 1. Determine f(-2).
5
Let y(u) = 6*u - 15. What is y(-8)?
-63
Let t(k) = k**3 - 6*k**2 - 7*k + 2. What is t(7)?
2
Let j(r) = -38*r + 10. Give j(2).
-66
Let u(d) = -d**3 + 4*d**2 + 3*d - 11. Give u(4).
1
Let g(p) = -2*p + 2. What is g(14)?
-26
Let f(l) = 5*l + 20. What is f(-7)?
-15
Let n(w) = w**3 + 5*w**2 + 4*w + 2. Determine n(-2).
6
Let d(s) = -4*s - 7. What is d(-7)?
21
Let u(t) = t**2 + 13*t + 9. Determine u(-13).
9
Let l(d) = -d**2 - 6*d - 5. Give l(-5).
0
Let i(v) = 17*v - 78. Calculate i(5).
7
Let q(j) = -j**2 - 14*j + 6. What is q(-10)?
46
Let b(h) = h + 16. Determine b(-6).
10
Let v(q) = 35*q - 9. Give v(3).
96
Let m(g) = -69*g - 83. What is m(-1)?
-14
Let a(z) = -z**3 + 10*z**2 + 17*z - 11. Give a(12).
-95
Let f(t) = -t**2 + 9*t - 31. Calculate f(4).
-11
Let i(y) = -y**3 + 11*y**2 - 10*y + 12. Give i(10).
12
Let y(o) = o**2 - o - 22. Determine y(-5).
8
Let w(r) = -8*r**3 - r**2. What is w(1)?
-9
Let p(k) = k - 10. Calculate p(10).
0
Let t(w) = -6*w**2 + 3*w - 2. Determine t(2).
-20
Let b(t) = -t**3 + 9*t**2 - t - 8. Calculate b(9).
-17
Let q(f) = f**3 - 4*f**2 + 2*f + 2. Give q(2).
-2
Let i(x) = x**3 + x - 1. Give i(3).
29
Let b(f) = f**3 - 5*f**2 + 13. What is b(5)?
13
Let d(t) = 6*t - 1. What is d(5)?
29
Let t(f) = -f**2 + 16*f + 387. Determine t(-13).
10
Let u(b) = -2*b + 9. Determine u(-10).
29
Let j(f) = -f**3 - 9*f**2 - 3*f - 20. Determine j(-9).
7
Let c(l) = -2*l**2 - 3*l - 5. Determine c(-3).
-14
Let g(z) = -4*z**3 - 2*z**2 + 4*z + 1. Determine g(2).
-31
Let b(s) = 17*s + 7. Give b(-9).
-146
Let g(t) = -2*t**2 + 6. Determine g(-3).
-12
Let u(x) = -x**3 + 24*x**2 - 20*x - 10. What is u(23)?
59
Let y(k) = 9*k - 72. Determine y(6).
-18
Let d(o) = 5*o + 2. Calculate d(6).
32
Let l(u) = u**3 + 10*u**2 - 10*u - 15. Determine l(-10).
85
Let w(n) = -n**3 - n**2 + 9*n - 8. Calculate w(-6).
118
Let u(t) = t**3 + 8*t**2 + 6*t + 2. What is u(-6)?
38
Let j(g) = g**2 + 36*g + 42. Calculate j(-35).
7
Let x(w) = -w**2 - 8*w - 7. Calculate x(-10).
-27
Let j(d) = d**2 - 18*d + 42. What is j(15)?
-3
Let c(j) = 4*j**3 + 6*j**2 + 2*j - 1. Determine c(-2).
-13
Let p(g) = g - 5. Give p(10).
5
Let c(b) = b**3 + 5*b**2 - 4*b - 3. Determine c(2).
17
Let p(s) = -2*s**2 + 3*s - 3. Calculate p(6).
-57
Let k(r) = -r**2 + 6*r + 8. Determine k(7).
1
Let w(l) = -l**3 + 13*l**2 + 18*l - 37. Give w(14).
19
Let b(x) = 20*x - 86. What is b(4)?
-6
Let g(s) = s - 9. What is g(-8)?
-17
Let n(i) = -i**2 + 9*i + 13. Determine n(10).
3
Let l(r) = r**2 - 15*r - 15. Determine l(15).
-15
Let k(m) = -m**2 + 32*m - 242. What is k(16)?
14
Let l(t) = t**3 + 17*t**2 - 5*t + 238. Determine l(-18).
4
Let k(y) = -15*y**2 - 14*y + 14. Calculate k(1).
-15
Let b(r) = -r**2 - r - 3. What is b(-3)?
-9
Let y(s) = s**3 + 20*s**2 + 37*s + 34. Give y(-18).
16
Let y(m) = 2*m**3 + 76*m**2 - 72*m + 230. What is y(-39)?
-4
Let g(o) = 8*o + 193. Determine g(-26).
-15
Let m(y) = -y**3 - 20*y**2 + 21*y + 17. What is m(-21)?
17
Let f(t) = -t**3 - 8*t**2 - 5*t + 3. Calculate f(-7).
-11
Let a(d) = -3*d + 26. Determine a(13).
-13
Let u(z) = 4*z - 21. Calculate u(8).
11
Let y(j) = -17*j - 1. What is y(1)?
-18
Let m(k) = 6*k - 209. Calculate m(35).
1
Let m(c) = 4*c + 27. Calculate m(-9).
-9
Let n(q) = q**3 + 2*q**2 - q - 12. What is n(0)?
-12
Let z(x) = -9*x + 256. Calculate z(28).
4
Let a(x) = -8*x + 22. Calculate a(5).
-18
Let h(u) = u**3 - 14*u**2 - 172*u + 26. Determine h(-8).
-6
Let o(k) = k**3 + 6*k**2 + 8*k + 16. Calculate o(-5).
1
Let g(z) = -z + 7. Give g(9).
-2
Let k(l) = -l**2 - l - 1. Calculate k(-2).
-3
Let p(s) = -6*s**2 + 2*s - 3. Determine p(2).
-23
Let g(i) = 2*i**2 - 30*i - 53. Calculate g(16).
-21
Let s(p) = 2*p**2 + 19*p. Give s(-9).
-9
Let h(b) = -2*b**2 + 8*b - 1. Determine h(6).
-25
Let m(h) = h**3 - 3*h**2 - 108*h + 1. Determine m(12).
1
Let b(m) = -2*m**3 + 28*m**2 - 26*m + 25. Give b(13).
25
Let h(l) = 9*l + 44. Determine h(-3).
17
Let g(s) = 3*s + 20. What is g(-3)?
11
Let q(v) = 11*v - 317. Determine q(28).
-9
Let k(y) = y**3 - 7*y**2 + 8*y - 4. Calculate k(6).
8
Let p(w) = -3*w**2 + 19*w - 8. Determine p(6).
-2
Let c(v) = -v**3 - 7*v**2 + 3. Calculate c(-7).
3
Let d(b) = b**3 - 5*b**2 + 5*b. Calculate d(4).
4
Let w(d) = d**2 - 7*d + 8. What is w(5)?
-2
Let i(l) = l**2 - 17*l - 6. Give i(18).
12
Let z(n) = -n**3 + 14*n**2 + 14*n + 17. What is z(15)?
2
Let g(c) = c**3 - 2*c**2 + 4*c + 3. What is g(4)?
51
Let i(y) = 16*y - 490. Determine i(30).
-10
Let s(n) = -17*n - 465. Determine s(-28).
11
Let m(p) = -18*p + 100. Give m(8).
-44
Let q(a) = a**2 - 9*a + 6. Determine q(7).
-8
Let j(q) = q**2 + 12*q. Determine j(-5).
-35
Let r(i) = -i**3 + 11*i**2 + 3*i - 27. What is r(11)?
6
Let l(c) = 2*c**3 + 8*c**2 + 2*c - 7. Determine l(-4).
-15
Let r(b) = -b**3 - 12*b**2 - 10*b + 12. Give r(-11).
1
Let h(y) = 2*y**3 - 2*y**2 + 2*y + 1. Determine h(2).
13
Let q(c) = c - 15. What is q(10)?
-5
Let a(d) = 5*d + 39. Determine a(9).
84
Let w(x) = -71*x**2 + 2*x + 3. Calculate w(-1).
-70
Let n(w) = 7*w**2 - 8*w + 4. Determine n(4).
84
Let z(t) = t**3 - 9*t**2 + 7*t + 16. Give z(7).
-33
Let u(n) = -n**3 - 37*n**2 - n + 18. Determine u(-37).
55
Let x(f) = -29*f + 141. What is x(5)?
-4
Let q(f) = -f**2 + 17*f - 18. Determine q(16).
-2
Let g(d) = d**2 + 22*d - 42. Calculate g(-21).
-63
Let d(h) = -3*h**2 - 12*h - 10. What is d(-4)?
-10
Let j(m) = m**3 + 10*m**2 + 18*m + 17. Calculate j(-8).
1
Let n(y) = -y**2 - 9*y - 3. What is n(-7)?
11
Let p(x) = -x**2 + 17*x - 25. Give p(14).
17
Let b(j) = 4*j**2 + 26*j - 23. Calculate b(-7).
-9
Let t(s) = -40*s - 127. Determine t(-3).
-7
Let a(j) = j**2 + 14*j - 33. Give a(-20).
87
Let u(i) = 2*i + 3. Give u(11).
25
Let u(g) = -2*g**2 + 4*g + 8. What is u(4)?
-8
Let q(m) = -13*m**2 - 2*m + 2. Give q(1).
-13
Let z(r) = r**3 + 6*r**2 + 5*r - 7. What is z(-3)?
5
Let w(c) = c**3 - 8*c**2 - 4*c - 54. Determine w(9).
-9
Let j(h) = h**2 + 11*h - 45. What is j(-14)?
-3
Let l(d) = -d**3 - 12